- 3*j**2/2 + 3*j. Let l(w) be the first derivative of y(w). What is l(-1)?
9
Suppose -3*k + 10 = -5*k. Let s(j) = -j**2 - j + 7. Calculate s(k).
-13
Let j be (-4 - -1) + (-1)/1. Let r = j - -4. Let y(k) = k + 0 + r + 1. Calculate y(-4).
-3
Let x(l) be the first derivative of 1 - 2*l + 1/2*l**2. Calculate x(5).
3
Let j(o) be the second derivative of -o**5/40 - o**4/12 + 2*o**3/3 - 2*o. Let w(i) be the second derivative of j(i). Determine w(-2).
4
Let x(t) be the second derivative of t**5/20 + t**4/6 - t**3/2 + 3*t**2/2 - 13*t. Give x(-3).
3
Suppose -2*v = 5*t + 20, t + 0*v - 4 = -2*v. Let m(g) be the second derivative of g**5/20 + 5*g**4/12 - 5*g**3/6 - 3*g**2/2 - 20*g. Calculate m(t).
-9
Let g(a) be the first derivative of 5*a**4/4 + 2*a**3/3 + a**2/2 - 1. Let x be -2 - -8 - (-2)/1. Suppose 3*f + 2*f + b + x = 0, f + 2*b = -7. Calculate g(f).
-4
Let n(h) = -h**3 - 3*h**2 + 3*h + 4. Let k be (2/(-4))/((-2)/12). Suppose 2 = -t + 4*j + 3, -k*j = 3. What is n(t)?
-5
Let f(h) = 3*h - 2*h - 5 + 3*h + 2. What is f(2)?
5
Let h(l) = l**3 + 2*l**2 - 3*l - 3. Let g = -10 - -7. Give h(g).
-3
Let k(h) = 3*h**3 - 7*h**2 - 4*h - 6. Let m(i) = 7*i**3 - 15*i**2 - 8*i - 13. Let n(t) = 5*k(t) - 2*m(t). Let l be (-5)/((-680)/16) + 200/34. Determine n(l).
8
Let x(l) be the third derivative of -l**4/24 + l**3/6 + l**2. Give x(2).
-1
Let j(l) = l**2 + 3*l + 3. Let s be j(-1). Let t(r) = 1 + 7*r - 1 + 4*r + 1. Determine t(s).
12
Let c = -10 - -6. Let j(q) be the first derivative of 2 + 3/2*q**2 + 2*q. Give j(c).
-10
Let p(f) be the first derivative of -f**3/3 - 5*f**2/2 - 6*f - 3. What is p(-4)?
-2
Suppose 0*r = r + 3. Let v(x) = 2*x**3 + x**2 + x - 3. Let o(m) = m**3 - 2. Let g(i) = 5*o(i) - 3*v(i). What is g(r)?
8
Let r be 18/5 - 6/(-15). Let n(z) = 4*z**2 - 2*z - 1 - 1 - 3 + r. Suppose 3*l = -2*l - 5. Calculate n(l).
5
Let v(z) = -3*z - 2. Suppose 6*i + 2 = 5*i. Calculate v(i).
4
Let u(t) = 3*t**3 - 7*t**2 - 3*t - 8. Let x(b) = 7*b**3 - 15*b**2 - 5*b - 17. Let d(p) = 5*u(p) - 2*x(p). Calculate d(6).
0
Let q(j) = j + 5. Suppose 29 = -4*d - 3*s, 3*d + 0*s + 21 = -2*s. Let g be (4*d/(-2))/(-2). Determine q(g).
0
Let u(l) be the third derivative of l**5/60 - l**4/4 + l**3/3 - 59*l**2. Determine u(8).
18
Let q(m) = -4*m**2 + m**3 - 5*m**2 + 8*m**2 - 3 - 3*m. Give q(3).
6
Let m(s) = 3*s**3 + 5*s**2 - 2*s - 5. Let a(r) = r**3 + 2*r**2 - r - 2. Let u(o) = -5*a(o) + 2*m(o). Give u(0).
0
Let o(z) = -4*z - 8 - z**2 + 2*z + z. Let l be o(0). Let i be ((-10)/4)/((-4)/l). Let k(r) = -r**2 - 6*r - 3. Give k(i).
2
Let t(q) = -q**2 + 3*q - 9. Let j(h) = -h**2 + 2*h - 8. Let x(b) = 5*j(b) - 4*t(b). Let z(r) = -r**2 - 3. Let d be z(0). What is x(d)?
-7
Let w be (-6)/(-15) + 16/10. Let h(y) = 4 - 2*y**2 + 5*y**2 - 5*y - w*y**2. Let f(c) = -2*c + 35. Let p be f(15). Give h(p).
4
Let h(s) = s**3 + s**2 - s - 1. Let y(j) = 4*j**3 - 2*j**2 - 2*j - 10. Let v(n) = 3*h(n) - y(n). Determine v(5).
2
Let l(c) = -c**3 - 6*c**2 + 2*c + 9. Suppose -7*b - 30 = -2*b. Give l(b).
-3
Let m(x) = -x**3 + 7*x**2 + 9*x - 3. Let a be m(8). Suppose -4*j = -6*j + 4. Let s(v) = v**3 - 7*v**j + 0 - 3 + 2*v**2. What is s(a)?
-3
Let y(c) be the third derivative of -c**5/20 - c**4/6 - c**3/3 + c**2. Let r = 4 - 6. Give y(r).
-6
Let p(l) be the second derivative of -l**5/20 - 5*l**4/12 - 5*l**3/6 - 3*l**2/2 + 29*l. Determine p(-3).
-6
Let q(n) = -n**2 + 3*n + 5. Let z be q(5). Let h = 9 + z. Let c(k) = -k**2 - h*k - k**3 - 4 + 3*k**2 + 7. Determine c(2).
-5
Suppose -f = -4*f - 12. Let i(y) be the first derivative of y**2 - 5 + 6*y + 4/3*y**3 + 1/4*y**4. Calculate i(f).
-2
Let w = -18 + 21. Let b(o) = o**3 - 4*o**2 + 4*o - 2. Give b(w).
1
Let m be 6 + (0 - 3) + 0. Let b(f) = -3 + m*f - f - 5*f. What is b(-2)?
3
Let b(y) = -2 + 4*y**2 + y**2 - 3*y - 7*y**2 + 3*y**3. Let l be 2 - 1 - (-1 + -2). Let o(m) = m**3 - m**2 - m - 1. Let j(s) = l*o(s) - b(s). Determine j(3).
4
Let h = 0 + 0. Let p be 15/6*(-8)/(-10). Let k(c) = 2*c**2 - 5*c**2 - c + 2*c**p + 0 - 3. What is k(h)?
-3
Let r(v) = -v + 5. Let u(b) = -b**2 + 4. Let m be u(0). Determine r(m).
1
Let x(y) = 3 - 4*y - 3 - 7. Calculate x(-5).
13
Suppose 0 = -p + 1 - 13. Let h = p - -22. Let o(t) = 4*t**2 - 4*t**2 + t - t**2 + h. What is o(0)?
10
Suppose -3*c = 2*c + 20. Let b = 6 + c. Let o(u) = 328*u**3 - 4 + 3*u - 3*u**2 - 327*u**3 + 1. Determine o(b).
-1
Let n(p) = p**2 - p + 14. Let o = -71 + 71. Give n(o).
14
Let v(a) = 7*a + 2. Suppose 2*g + 2*g - 2*z + 22 = 0, 0 = -2*g + 3*z - 21. Give v(g).
-19
Suppose l - 6*l = -3*v - 18, 2*v - 7 = -3*l. Suppose w + 3*z - 27 = -3*w, 3*w + 5*z = 34. Let t(f) = -f + 2*f - w*f. Give t(v).
2
Suppose 5*b - 12 + 2 = 0. Let n = b + -3. Let y(o) = -2*o - 4. Let f(t) = -t - 3. Let u(p) = -7*f(p) + 5*y(p). Determine u(n).
4
Let v(p) = -3*p**2 + 10*p - 4. Let l(m) = 4*m**2 - 11*m + 3. Let g(a) = -2*l(a) - 3*v(a). What is g(8)?
6
Let u(h) be the first derivative of 1/3*h**3 - 2*h - 1 + h**2. Let l = 4 - 7. What is u(l)?
1
Let b(d) = 7*d**3 + 11*d**2 - 2*d + 10. Let r(c) = 6*c**3 + 10*c**2 - c + 9. Let z(l) = 5*b(l) - 6*r(l). Let n = -7 + 13. Let j = 2 - n. Calculate z(j).
-4
Let i(u) = -6*u**2 - 5*u - 3 + u**3 - 4*u + 4*u - u. Suppose -o = 2*z - 18, 2*o + 0 + 27 = 5*z. What is i(z)?
4
Let q(k) = -k**3 - 3*k**2 + 4*k - 2. Let w be ((-26)/6 + 5)/((-1)/6). What is q(w)?
-2
Suppose -2*g - 3*g = 3*f - 21, 4*f - 4*g - 60 = 0. Let s = f - 17. Let c(n) = -n**3 - 5*n**2 + 2. What is c(s)?
2
Let r = -38 + 31. Let l(j) = j**2 + 6*j - 4. Give l(r).
3
Let u(v) = 5*v + 3. Suppose -3*q + 3 = -3*x + 15, 3*q + 2*x = -2. What is u(q)?
-7
Let r be (-47)/3 + (-6)/(-9). Let i(g) = -g**2 - 16*g - 18. Let d be i(r). Let b(o) = 2*o + 4. What is b(d)?
-2
Let k(g) = g**2 + 4*g + 1. Let d be k(-5). Suppose 4*p = 3*p - j - d, -5*j - 22 = -3*p. Let w(v) = v**2 - 2*v - 1. What is w(p)?
2
Let b be (8/(-6))/((-18)/81). Let t(a) = -b*a - 3 - 4*a + 9*a. Determine t(-6).
3
Let q(c) = -3*c - 6. Suppose 10 = -5*b - 20. What is q(b)?
12
Let i = 63 + -63. Let n(o) = o + 23. Calculate n(i).
23
Let b(d) = -6*d**2 + 2 + d + 4*d**2 - 3*d + 0*d**2. Determine b(-2).
-2
Let n(m) = -15*m**3 - 7*m**2 + 7*m + 5. Let o(q) = 17*q**3 + 8*q**2 - 8*q - 6. Let k(s) = 7*n(s) + 6*o(s). Determine k(1).
-4
Let c(q) = -q**3 + 4*q**2 + 4*q + 7. Let t be (11 + -6)/(0 - -1). Give c(t).
2
Let v(f) = f**3 + 5*f**2 + 2. Suppose 5*y - 55 = 5*q, 17 + 1 = -2*q - 2*y. Let k be q/(-6)*3 + -1. Suppose 4*r - p + k*p = -26, 2*r + 20 = -5*p. Give v(r).
2
Let t(x) be the third derivative of 3*x**5/20 - x**3/6 - 3*x**2 + 2. Let k = -2 - -1. What is t(k)?
8
Let t(n) be the first derivative of 4*n**3/3 - n**2/2 - n + 2. Let s = 66 - 67. Give t(s).
4
Let b(f) = -3*f + 3. Suppose 8*q - 3*q - 15 = 0. Determine b(q).
-6
Suppose 0 = -2*j + 4 - 14. Let y = -5 - j. Let u(k) be the first derivative of -k**2/2 - 4*k + 1. What is u(y)?
-4
Let p(h) = h**3 - 6*h**2 + 6*h + 2. Let v = 6 + -6. Suppose 2*c - 10 = -v*c. Calculate p(c).
7
Let d(p) = -p**3 - 5*p**2 + 2. Let k = 20 - 25. Determine d(k).
2
Let v(t) = 2*t**3 + 2*t**2 - 2*t - 1. Let k be v(-2). Let y(p) be the first derivative of 1 - p + 1/2*p**2. Determine y(k).
-6
Let c(r) be the second derivative of r**3/6 + r**2/2 + 2*r. Calculate c(0).
1
Let u(k) = -4 - 20*k**2 - 19*k**2 + k + k**3 + 36*k**2. Calculate u(3).
-1
Suppose 3*f + 2*m = 14, -f - 5*m = -3*m - 6. Let b(v) be the first derivative of 1/4*v**4 + f + 0*v**3 + 1/2*v**2 - 4*v. Determine b(0).
-4
Suppose -x = 4*h - 2*h - 1, -5*x - 4*h = 1. Let v(y) = -10*y + 1. Give v(x).
11
Suppose 6*g - l = 2*g + 10, 0 = -4*g + 2*l + 12. Let o = g + 2. Let j(s) = -5*s - s**2 + 4*s - o*s**2. Determine j(-1).
-4
Let c(k) be the first derivative of -k**3/3 + 3*k**2/2 + k + 10. What is c(5)?
-9
Let h(y) = -y**3 + 9*y**2 - 8*y + 1. Let l be h(8). Let s = l - 1. Let d(i) = 0*i**3 - 3*i**2 + s*i - i**3 + 0 - 3 - 2*i. Determine d(-2).
-3
Let v(s) = 2*s**2 - 5*s**2 - 1 + s**2 + 2*s. Let d(c) = c**3 + 27*c**2 + 23*c - 76. Let p be d(-26). Give v(p).
-5
Let m(n) = -5*n - 7. Let c(y) = 9*y + 13. Let g(q) = -4*c(q) - 7*m(q). Let z be 36/(-8) - 9/(-6). Determine g(z).
0
Let o(l) = -8*l - 1. Let n = 36 - 35. Determine o(n).
-9
Let a(m) be the third derivative of 0*m - 4*m**2 + 1/30*m**5 + 0*m**4 - 1/3*m**3 + 0. Give a(-2).
6
Let a(i) = -i